 2*f**3 + 5*f**2/2 - f - 17500. Give m(u).
-1
Let r = -28 + 49. Suppose -d + 9 = z - 0*z, -5*d + z + r = 0. Suppose d*v + 8 = -2*i, v = 4*i - 3*i + 4. Let s(n) = n + 6. Determine s(v).
6
Suppose -2*w + n - 10 = 0, -33 = 5*w - 4*n - 2. Let f(m) = -5*m - 18. Determine f(w).
-3
Let z(p) = -p - 21. Let j be (0 + -4)*((-375)/(-30) - 11). Calculate z(j).
-15
Let j(g) = 1119437*g**2 - 2*g + g - 559710*g**2 - 559692*g**2. Calculate j(-1).
36
Let o(u) = -2*u + 20. Let v be o(4). Let c(j) = -9 + j + v - 3. Calculate c(-7).
-7
Let h(d) = d - 10. Let w(y) = 11. Let j(a) = -2*h(a) - 3*w(a). Let v be ((-6)/12)/(193/2316). What is j(v)?
-1
Let f(g) = g**2 - 9*g - 3. Suppose 5*c = -2*x - 23, -10*x - 3*c = -5*x + 10. Let q be (x/5)/((-67)/(-2345)). Calculate f(q).
-17
Let r(h) = -16*h - 33. Let d(q) = -60*q - 130. Let p(j) = -6*d(j) + 23*r(j). Give p(7).
-35
Let x(y) = -39*y**3 + 23*y**2 + 30*y - 32. Let v(i) = 17*i**3 - 10*i**2 - 13*i + 14. Let r(l) = 16*v(l) + 7*x(l). Let k be (-11)/(-4) + (-2)/(-8). What is r(k)?
-12
Let w = -2691 - -2682. Let b(i) = i**3 + 8*i**2 - 9*i + 30. What is b(w)?
30
Let f(s) be the third derivative of -5*s**4/24 - 43*s**3/6 + 494*s**2. Suppose 5*k - q + 42 = 0, -5*q - 1 = -k + 5. What is f(k)?
2
Let k(c) = -c**3 + 5*c**2 + 3*c + 4. Suppose h - 28 = 3*l, -6 = l + h - 2. Let d be (-96)/2 + 4*l/16. Let b = -44 - d. Calculate k(b).
-14
Suppose 146 = f - h, 168 = 5*f - 4*h - 562. Let u = -149 + f. Let q(z) = -z - 3. Give q(u).
0
Let o(a) be the first derivative of -10 + 1/2*a**2 - 8*a. Suppose -4*v - 18 = 3*l, 0 = -4*v - 8*l + 7*l - 22. What is o(v)?
-14
Let l(w) be the first derivative of 2*w**2 + 35*w - 770. Give l(-10).
-5
Let d(l) = -5*l**2 + 4*l**2 - 3 - 10*l + 18 - 8. Determine d(-15).
-68
Let t(j) = -j + 1. Let u(l) = -l**2 + 6*l - 17. Let b(c) = 4*t(c) - u(c). Let q(f) = -f**3 + 62*f**2 - 182*f + 299. Let k be q(59). Determine b(k).
-3
Let r(h) = 4*h. Let k = -32 + 61. Suppose -5 = v, 2*s - 5*v - k = s. Suppose 8*x + s = 4*x. Give r(x).
-4
Let d(o) be the second derivative of 5*o**3/2 + o. Suppose -9*c + 4*c - 10 = 5*t, 5*c + t = 2. Determine d(c).
15
Let g(d) = -6*d**2 + d - 3. Let v(n) = -n**2 - 1. Let b(i) = -g(i) + 4*v(i). Let c be b(-1). Let h(p) = -3 - 52*p - 2*p**3 + 1 + 54*p + 3. Calculate h(c).
-11
Let n(i) = i**3 + 4*i**2 - 3*i - 3. Let r = 33 + -116. Let o = r - -86. Suppose -o*w = -5*m + w + 10, -3*w - 15 = 0. Calculate n(m).
11
Let p = 278 - -7. Suppose -n = 289 - p. Let f(t) = -t**3 + 2*t - 6. Let o(j) = -2*j**3 - j**2 + 5*j - 11. Let l(d) = 5*f(d) - 3*o(d). Determine l(n).
7
Let u = -13 - -16. Suppose 16 = u*r + r. Let m(w) be the first derivative of w**4/4 - w**3 - w**2 - 4*w - 33. Calculate m(r).
4
Suppose -4*r + 189 = 5*r. Suppose -1 = 5*a - 3*j + 4, 3*j = -3*a + r. Let v(d) = -13*d**2 + 45*d**2 - 25*d**a - d**3 - 6 + d. Give v(7).
1
Let o(f) = f**3 + 14*f**2 + f + 14. Let s(c) = -c**3 - 9*c**2 - c + 2. Let w be s(-4). Let a be ((-777)/w)/((-3)/4). Give o(a).
0
Let p be -13 - (-10)/(3 + 2). Let o(a) = -a - 17. Let x be o(p). Let k(j) = 5*j**2 + 3 - 2*j + j**2 + 0*j**2 - 7*j**2. What is k(x)?
-21
Let o(u) = 23*u**3 + 6*u**2 - 7*u + 10. Let s(z) = 15*z**3 + 6*z**2 - 8*z + 9. Let b(n) = 2*o(n) - 3*s(n). Give b(5).
18
Let v be -6 - 3 - (-6 - -7). Let t(b) = -b**3 - 12*b**2 - 13*b - 3. Calculate t(v).
-73
Let b(h) = -3*h**2 + 7*h + 17. Let p(q) = -q**2 - 2*q - 5. Let d(w) = b(w) - 4*p(w). Give d(-6).
-17
Let n(l) = l**2 - l + 2. Let h = -15 + 13. Let v(z) = z + 8 - z**2 + 4 - 12 - z**3. Let o be v(h). Give n(o).
4
Let n = 3 + -9. Let x(l) be the third derivative of l**2 - 1/3*l**3 - 1/12*l**4 + 1/120*l**6 + 1/10*l**5 + 0*l - 28. Give x(n).
10
Let t(x) be the second derivative of 3*x**3/2 - 19*x**2/2 - 449*x - 2. What is t(7)?
44
Let o(h) = 1 - 2 - 36 - 7*h - 3. Determine o(-5).
-5
Let m(p) = p**3 - 13*p**2 + 20*p + 16. Let i(q) = -32*q**2 - 232*q - 45. Let r be i(-7). What is m(r)?
-6
Let u(d) be the third derivative of d**6/120 - 7*d**5/60 - 23*d**4/12 + 31*d**3/6 - 265*d**2 - 6*d. What is u(11)?
9
Let g(h) be the third derivative of h**4/24 + h**3 - 2*h**2 - 32*h. Let z be g(-3). Let j(s) = s**2 - 4*s + 3. Give j(z).
0
Suppose 23*m - 12 = 26*m. Let q(y) = 2*y**2 - y - 1. Let b(j) = -9*j**2 + j + 7. Let c(l) = b(l) + 4*q(l). What is c(m)?
-1
Suppose -2*u + 3*h = -9, -22*u + 25*u = 4*h + 13. Let g(s) be the first derivative of -1/2*s**2 + 4/3*s**u - 25 - 2*s - 1/2*s**4. Give g(2).
-4
Suppose 23*k + 0*k = -138. Let q(t) = -2*t**3 - 34*t**2 + 15*t + 7. Let s(f) = -f**3 - 18*f**2 + 8*f + 3. Let w(l) = k*q(l) + 11*s(l). Calculate w(-6).
3
Let y be 2/(-10) - 28/10. Let l be 2/(8/(-4)) - -5. Let j(u) = 5 - 2*u**3 + 5*u**2 + 3*u**3 - 6 + l*u + 4. What is j(y)?
9
Let z(j) = 3*j + 3*j - 5*j - 10. Suppose 21 + 1 = c + 4*k, -4*k + 16 = 0. What is z(c)?
-4
Suppose 0 = -4*s - 5 + 1. Let y(q) be the first derivative of -34*q**3/3 + q - 14945. Give y(s).
-33
Let a(v) be the first derivative of -v**2 + 5*v + 1. Let n(p) = 4*p**2 - 7*p. Let k be n(2). Let h(z) = z**2 + z. Let m be h(k). Determine a(m).
-7
Let a(v) = v**3 - v**2 - v + 1. Let o be a(0). Let w(x) = 45*x - 17*x - 15*x - o. Give w(-2).
-27
Let a(g) = g**3 + 9*g**2 + 21*g + 6. Let x = 13256 - 13258. What is a(x)?
-8
Let d(a) = a**3 - a - 18. Let t = 9751 + -9751. Give d(t).
-18
Suppose 186*k + 27 - 73 - 140 = 0. Let t(f) = 20*f**2 - 6*f + 2. Give t(k).
16
Suppose 43 = 3*o + 2*o - g, -2*g = -4. Suppose -v - o = -2*u, 0 = 2*u + 5*v - 3 + 24. Let n(f) = 2 + f**2 - 4 + 3 - f**3 - 2*f + 0*f**3. Give n(u).
-7
Let t = 12 - 14. Let r be -3 - (-9)/(-6)*(6 + t). Let c be r - (1 + 1/2)*-2. Let g(f) = -f**2 - 6*f + 2. Calculate g(c).
2
Let j(v) = 136*v + 273. Suppose 826 - 836 = -5*t, -3*n + 2 = 4*t. What is j(n)?
1
Let o(i) = 2*i**3 + 14*i**2 - 2*i - 4. Suppose 325 - 241 = -12*a. What is o(a)?
10
Suppose -26 = -j - 5*z, -j + 4*z = -0*j + 1. Let m = j + -6. Let t(p) = -2 + 8 - 20 + 0 + p + 11. Determine t(m).
2
Let q(y) be the second derivative of -y**5/30 + 3*y**4/8 + 101*y**3/3 - 4*y - 2. Let t(f) be the second derivative of q(f). What is t(4)?
-7
Let j(y) = 7*y**3 + 13*y**2 + y - 34. Let h(k) = 10*k**3 + 20*k**2 + k - 50. Let a(s) = 5*h(s) - 7*j(s). Give a(-10).
-92
Let q be 10*3/(-42)*-7. Let d(f) = f - 8. Let k(y) = 4*y - 31. Let n(a) = -9*d(a) + 2*k(a). Determine n(q).
5
Let v(a) = -5*a**3 - a**2 - 2*a - 1. Let t be v(-1). Let q(x) be the first derivative of -x**3/3 + 3*x**2/2 + 12*x - 315027. What is q(t)?
2
Let r(u) = -2*u - 9. Let f(t) = 3*t - 68. Let q be (-1)/4 - (-324)/16. Let l be f(q). Determine r(l).
7
Let d = 21 - 15. Let c(p) be the third derivative of 0*p + 1/8*p**4 + 0 + 0*p**3 - 27*p**2. What is c(d)?
18
Let l(j) = -j**2 + 7*j - 9. Let c(w) = w**3 + 15*w**2 - 33*w + 21. Let r be c(-17). Calculate l(r).
3
Let w = 253 + -231. Suppose 24*n = w*n + 8. Let k(y) = 2*y**2 - 2*y - 2. Give k(n).
22
Let n(o) be the third derivative of -o**5/60 + o**4/2 - 5*o**3/2 - 132*o**2. Determine n(12).
-15
Let a(h) be the third derivative of 1/12*h**6 + 0*h**5 + 0*h + 0*h**3 + 277*h**2 + 0 + 0*h**4. Suppose 3*g - 3 = -0. Determine a(g).
10
Suppose 0*d - 30 = -10*d. Let y(g) = -7 + 3*g - 9*g + g**d - 7*g**2 + 8*g. Give y(7).
7
Let t(j) = 9*j**2 - j - 1. Let g be 69/115 + 27/5 - 427. Let k = g + 420. Calculate t(k).
9
Let t be 14874/(-603) + (-2)/6. Let s(u) = -u**2 - 25*u + 14. Determine s(t).
14
Let g = 375 - 380. Let f(v) = -3*v**2 - 11*v + 11. Let n(t) = -t**2 - 3*t + 1. Let q(b) = f(b) - 2*n(b). Give q(g).
9
Let z be (-9 + -1)*(-8)/(-16). Let b(c) be the third derivative of -c**5/60 - c**4/4 - c**3 - 878*c**2. What is b(z)?
-1
Let f(q) be the second derivative of q**5/20 + q**4/12 + q**3/3 - 14*q**2 + 517*q. What is f(0)?
-28
Let o(c) = -4*c**2 + 56*c + 2. Let j be o(14). Let s(m) = 91 - 83 + j*m - 6*m. Calculate s(6).
-16
Let b(u) = 8*u**3 - 15*u**2 + 5*u - 17. Let s be 54/(-16) + 189/504. Let c(p) = -5*p**3 + 7*p**2 - 3*p + 8. Let v(k) = s*b(k) - 5*c(k). What is v(-10)?
11
Let y(p) = -3*p**3 + 5*p**2 - p + 2. Let g be y(2). Let t be -1 + -1 + 3 - g. Let x(u) = -2*u + 5. Give x(t).
-5
Let i(x) = 13*x + 1. Let o be 11/(22/(-6)) + 29. Let r be 29 - (3 - (0 + 1)). Let q = o - r. What is i(q)?
-12
Let c(x) be the third derivative of x**5/60 - 19*x**4/24 + 8*x**3/3 - 2190*x**2. W